. What is the remainder when 139 is divided by v?
45
Suppose 128 = 29*j - 25*j. What is the remainder when 286 is divided by j?
30
Let i(b) = -b + 67. Let x = 14 - 9. Suppose x*o + 15 = t, 3*o = -o - 12. What is the remainder when i(t) is divided by 17?
16
Suppose 7*f + 12 = 4*x + 5*f, 2*x - 3*f - 6 = 0. Suppose 0*g - x*g + 2*l + 44 = 0, 2*g = -l + 41. Calculate the remainder when 35 is divided by g.
17
Suppose -4*h - 9 = -v - 2*h, 3*h - 3 = -4*v. Suppose 10 = 5*x - z + v*z, -4*z - 4 = -2*x. What is the remainder when 8 is divided by x?
0
Calculate the remainder when (-964)/(-21) + 10/105 is divided by 17.
12
Suppose 3*a - 2*u - 281 = 2*a, 0 = -3*a + 3*u + 855. Calculate the remainder when a is divided by 58.
57
Let k(g) = -10*g**3 + 3*g**2 - 2*g - 25. Calculate the remainder when k(-3) is divided by 35.
33
Suppose -5*r + 2*x + 293 = 0, 5*r + 3*x = 145 + 128. Calculate the remainder when r is divided by 20.
17
Calculate the remainder when 64 is divided by 8 - (-1668)/48 - (-1)/4.
21
Suppose -2*g + 20 = -6*g. Let i be (8 + g)*(-20)/(-6). Suppose -w + 5 = -i. What is the remainder when w is divided by 9?
6
Let f(z) = 3*z - 10. Let h be (18 - 1) + 3 + -2. What is the remainder when f(7) is divided by h/4 - (-15)/(-10)?
2
What is the remainder when (-828)/230*(-1 - 19) is divided by 35?
2
Suppose 13*j = -11*j + 1584. Let g(r) = -9*r. What is the remainder when j is divided by g(-2)?
12
Suppose 0*f + 2*f = 5*n + 395, 225 = f + 3*n. Let j = 297 - f. Calculate the remainder when j is divided by 22.
21
Suppose z - 2 = 5*j - 11, 0 = 5*j - 4*z - 6. Suppose 3*b = j*b + 20. Suppose -2*k + 0*k + b = 0. What is the remainder when k is divided by 3?
1
Let n = -596 - -652. Suppose 2*d - 193 = 5*k - 0*k, -2*d + 223 = k. Calculate the remainder when d is divided by n.
53
Let h = 68 - 26. Suppose -4240*m + 4236*m = -44. Calculate the remainder when h is divided by m.
9
Let p(b) = -13*b - 13. Let c(t) = t**2 + 13*t + 17. Let g be c(-11). Calculate the remainder when p(g) is divided by 18.
16
Let u = 5 + 0. Let a = u + -3. Suppose 7*s + 30 = 17*s. What is the remainder when s is divided by a?
1
Suppose 54 = 2*g - 100. Suppose 21*h = 14*h + g. Calculate the remainder when 54 is divided by h.
10
What is the remainder when 61 is divided by (87/(-6) + 7)*(-1 - 1)?
1
Let h(p) = 3*p**2 + 2*p**2 - 11 - p**2 + 17*p - 5*p**2. Calculate the remainder when 6 is divided by h(16).
1
Let p(o) = 45*o + 5. Let w be p(4). Suppose -5*l + w = -350. Calculate the remainder when l is divided by 27.
26
Let y = 14 - 14. Suppose z = -y*z + 19. What is the remainder when z is divided by 5?
4
What is the remainder when (20 + 1)/(7/91) is divided by 55?
53
Let b(x) = -x**3 - 16*x**2 - 7*x - 19. Let s be b(-16). Let i = s - 58. What is the remainder when i is divided by 19?
16
Suppose 0 = b - 3*x - 145, 2*b - 2*x - 167 = 115. Calculate the remainder when b is divided by -2*9/(-6) + (7 - -4).
13
Suppose 231 + 189 = 7*p. What is the remainder when p is divided by 23?
14
Suppose 0 = 7*l - 172 - 52. Suppose 46 = 2*f - l. Suppose 0 = -3*r - f + 264. What is the remainder when r is divided by 26?
23
Let r(p) = 9*p + 6. Let h be r(-2). Let y = h + 16. Suppose 9*u - 165 = y*u. What is the remainder when u is divided by 12?
9
Let w be (2 - (-1 - 0)) + 248. Suppose w - 92 = 3*b. Suppose -3*c = i - 3*i + 43, 2*c - 32 = -3*i. Calculate the remainder when b is divided by i.
11
Suppose -z + 2*z - 35 = 0. Suppose -3*u = -z - 172. Suppose 252 = -34*k + 52*k. What is the remainder when u is divided by k?
13
Let a(y) = -201*y + 10 + 4 + 200*y. What is the remainder when a(-10) is divided by 13?
11
Suppose d = -4*r + 53, 4*d - 23 = -2*r + 7*d. What is the remainder when r is divided by 6 + -1*(-2)/(-1)?
1
Let t be 0 + (-2)/(-4)*354. Suppose 0 = -4*c + 3 + t. What is the remainder when 87 is divided by c?
42
Suppose 991 = 10*o - 289. Calculate the remainder when o is divided by 29.
12
Calculate the remainder when 24 is divided by (31/(-62))/(1/(-42)).
3
Let y = 261 + -288. Let b = 113 + -77. Let z = b + y. What is the remainder when 34 is divided by z?
7
Suppose -2*c + j = -4*c + 31, 0 = c - j - 11. Let a = -42 + 95. Calculate the remainder when a is divided by c.
11
Let j(y) = -y**3 + 9*y**2 - 6*y + 8. Suppose 5*o - 155 = 4*d, -7*o + 79 = -5*o - 5*d. What is the remainder when j(6) is divided by o?
26
Suppose -3*r + 20 = -r. Calculate the remainder when ((-19)/3)/(2/(-12)) is divided by r.
8
Let p be ((-3)/(-2))/((-12)/(-24)). Suppose 42 = -p*w + 249. What is the remainder when w is divided by 10?
9
Suppose -4*l + 81 + 27 = 0. Let k(o) = -o**2 - 7*o + 9. Let j be k(-8). Calculate the remainder when l is divided by (1 + 2 - j) + 13.
12
Suppose 74*i - 67*i - 1197 = 0. What is the remainder when i is divided by 59?
53
Let q = -77 - -137. Suppose 4*s - q = -8. Suppose -h + 510 = 9*h. Calculate the remainder when h is divided by s.
12
Suppose 0 = -32*d - 0*d - 512. Let c(h) = -1. Let q(t) = 2*t + 28. Let l(a) = -5*c(a) - q(a). Calculate the remainder when 35 is divided by l(d).
8
Suppose 5*x - 33 - 452 = 0. Let v = -69 + x. Suppose -a - a - 4 = -3*c, 0 = 5*a + 2*c - v. Calculate the remainder when 5 is divided by a.
1
Let g(l) = l**3 + 5*l**2 + 2. Let t be g(-6). Let r = 37 + t. Suppose 3*d - 196 + 10 = 3*n, 0 = r*d - 2*n - 181. What is the remainder when d is divided by 12?
9
Calculate the remainder when (-3028)/(-28) + -11 + 1/(-7) is divided by 7.
6
Let t = 173 - 84. Let m be -1 + -1 + 45 + 1. Suppose 0 = 3*w + 5*j - m, -2*w - 4*j + j + 31 = 0. What is the remainder when t is divided by w?
20
Calculate the remainder when 136 is divided by 377/26 + (-2)/(-4).
1
Let t = -27 + 68. Let w = t - 21. Calculate the remainder when 78 is divided by w.
18
Let u(z) = -19*z - 77. What is the remainder when 221 is divided by u(-8)?
71
Let m(b) = -b**2 - 2. Let a be m(0). Let l be a*(-1)/2*2. Suppose 158 = -l*k + 4*k. Calculate the remainder when k is divided by 20.
19
Let w(y) = -20*y - 19. Let q = 50 + -54. Suppose -2*f - 2 = -28. Calculate the remainder when w(q) is divided by f.
9
Let f = -13 - -22. Suppose -17*q + 167 = -5*q - 157. What is the remainder when q is divided by f?
0
Let s(f) = -f**2 + 11*f + 105. Calculate the remainder when 219 is divided by s(16).
19
Calculate the remainder when 130 is divided by -1 + (1122/30 - (-12)/20).
19
Let x(g) = -g**3 - 15*g**2 + 8*g + 139. What is the remainder when 69 is divided by x(-15)?
12
Let k be 98/3 - ((-4)/6)/(-1). Suppose -a + 8 = q - 12, q - k = -4*a. Calculate the remainder when 94 is divided by q.
14
Suppose -6 = -3*y - 2*h, -4*y + 3*y - h = -1. Let x be 0/(1 + -8 + y). Suppose -3*c - 3 + 27 = x. What is the remainder when c is divided by 6?
2
Let f = 440 - 329. What is the remainder when f is divided by 27?
3
Suppose -t + 126 = f, -229 - 409 = -5*f - t. Suppose -12*o - f + 404 = 0. Suppose -2*p - 8 = -142. Calculate the remainder when p is divided by o.
21
Let z(j) = 14*j**3 - 1 - j + 7*j**3 - j + 4*j. Calculate the remainder when (-4)/(-14) - (8550/(-42))/5 is divided by z(1).
19
Suppose -6 = 2*j - 0, r = -5*j + 59. Suppose 3*d = 4*b + 74, -3*b = 5*d - 113 - 20. What is the remainder when r is divided by d?
22
Let a be (-6)/(-2)*(-1)/(-1). Suppose -7*j + a*j = -160. What is the remainder when 197 is divided by j?
37
Let n(m) = m**3 + 7*m**2 - 19*m - 74. Calculate the remainder when 1357 is divided by n(-8).
13
Let p(a) = 3*a**2 - a - 10. What is the remainder when p(8) is divided by ((-3)/(-9))/(5551/924 + -6)?
42
Let m(z) = z**2 - 4*z + 3. Suppose p + 136 = 3*p - 5*r, 215 = 3*p - 2*r. Let o = 78 - p. Calculate the remainder when o is divided by m(4).
2
Let h(b) be the first derivative of -b - 3*b**2 + 10/3*b**3 - 2 + 1/4*b**4. What is the remainder when h(-10) is divided by 15?
14
Let h be (11 - 12)/(1*-1). Let t(x) = 16*x**2 - 4*x + 3. Let y(m) = -6*m - 3. Calculate the remainder when y(-5) is divided by t(h).
12
Let a(c) = -5*c + 30. Suppose 111 = 3*i - 0*m + 3*m, m + 62 = 2*i. What is the remainder when a(-13) is divided by i?
29
Let k = -117 + 172. Calculate the remainder when k is divided by 6/4 + 174*8/96.
7
Let v(p) = -p**3 - 3*p**2 + 4*p + 4. Suppose -2*c + 6 + 0 = 0. Suppose -i + 12 = 5*a - 12, -c*a - 4 = -4*i. What is the remainder when v(-4) is divid